nd 808448?
64
What is the greatest common divisor of 476 and 142205?
119
What is the greatest common factor of 6815 and 1412068?
1363
Calculate the highest common factor of 1239 and 6439909.
413
Calculate the greatest common divisor of 170262 and 378.
54
Calculate the highest common divisor of 2996539 and 1547.
1547
What is the greatest common factor of 69 and 310178?
23
What is the highest common divisor of 6081472 and 8?
8
What is the greatest common factor of 13 and 131833?
13
Calculate the greatest common divisor of 2320 and 5120.
80
Calculate the highest common divisor of 360217 and 916.
229
What is the highest common factor of 25 and 795?
5
Calculate the highest common divisor of 1242 and 450018.
414
What is the greatest common divisor of 129927 and 345?
69
What is the greatest common divisor of 2673 and 294759?
243
Calculate the greatest common factor of 850 and 3210.
10
Calculate the highest common divisor of 700 and 13972.
28
What is the highest common factor of 5172505 and 130?
65
Calculate the highest common factor of 4000 and 145.
5
Calculate the highest common factor of 9 and 9621.
9
Calculate the greatest common divisor of 657 and 25696.
73
Calculate the highest common divisor of 1056 and 1147476.
132
What is the greatest common factor of 35340 and 4332?
228
What is the greatest common factor of 84508 and 148?
148
Calculate the greatest common factor of 283 and 46129.
283
What is the highest common divisor of 6471 and 120073?
719
Calculate the highest common divisor of 15551 and 1.
1
What is the highest common divisor of 485410 and 15?
5
Calculate the greatest common divisor of 327505 and 85.
85
What is the highest common divisor of 36 and 822924?
36
Calculate the highest common factor of 232316 and 56.
28
What is the greatest common factor of 3224 and 9776?
104
Calculate the highest common factor of 135 and 1446336.
27
Calculate the highest common factor of 14141 and 895.
179
What is the greatest common factor of 72 and 260472?
24
Calculate the highest common divisor of 2152 and 43578.
538
What is the highest common factor of 329612 and 209?
19
Calculate the greatest common factor of 117084 and 660.
132
Calculate the greatest common factor of 605 and 34705.
55
Calculate the highest common factor of 582 and 83.
1
What is the greatest common factor of 37 and 506123?
37
Calculate the highest common factor of 12 and 2500.
4
Calculate the highest common factor of 3573 and 2900085.
1191
What is the greatest common divisor of 1649 and 6459133?
1649
Calculate the highest common divisor of 47 and 3337.
47
Calculate the greatest common divisor of 4986 and 126.
18
Calculate the highest common factor of 86361 and 33.
33
Calculate the highest common divisor of 326859 and 351.
39
Calculate the highest common divisor of 302905 and 145.
145
Calculate the highest common divisor of 4949 and 12625.
101
Calculate the highest common factor of 341 and 153109.
341
Calculate the highest common factor of 45 and 1475055.
45
Calculate the highest common divisor of 201171 and 21.
3
What is the highest common factor of 20601 and 215271?
189
What is the greatest common factor of 46440 and 82431?
1161
What is the greatest common divisor of 4961 and 34399?
41
Calculate the highest common factor of 125172 and 540.
108
What is the greatest common factor of 135 and 28395?
45
What is the greatest common factor of 564944 and 496?
496
What is the highest common divisor of 2616974 and 137?
137
What is the highest common factor of 6679023 and 123?
123
What is the highest common divisor of 28288 and 11050?
442
What is the greatest common divisor of 27 and 10629?
9
What is the greatest common factor of 47090 and 3047?
277
Calculate the highest common divisor of 132 and 13794.
66
Calculate the highest common factor of 65 and 2085733.
13
What is the greatest common factor of 1420 and 710?
710
What is the highest common factor of 339 and 402393?
339
Calculate the highest common factor of 349 and 5933.
349
What is the highest common divisor of 324954 and 36?
18
What is the highest common divisor of 60305 and 315?
35
What is the greatest common divisor of 77 and 326557?
77
What is the highest common divisor of 336867 and 27?
3
Calculate the greatest common divisor of 173632 and 448.
64
Calculate the greatest common divisor of 679 and 308.
7
What is the highest common divisor of 1244 and 9532?
4
What is the greatest common factor of 26 and 2310386?
26
Calculate the greatest common divisor of 94754 and 836.
22
What is the highest common divisor of 515502 and 156?
78
What is the greatest common factor of 4632 and 3756?
12
Calculate the highest common divisor of 9222 and 6498.
6
What is the greatest common divisor of 47 and 11422?
1
Calculate the greatest common factor of 323 and 7850192.
323
Calculate the highest common factor of 22852 and 3132.
116
Calculate the greatest common factor of 47 and 40843.
47
Calculate the highest common divisor of 515 and 37698.
103
Calculate the highest common divisor of 4345 and 73645.
55
Calculate the greatest common divisor of 2219747 and 145.
29
Calculate the greatest common divisor of 2232 and 93186.
558
Calculate the greatest common factor of 842952 and 8.
8
What is the greatest common divisor of 54 and 4184406?
54
What is the greatest common divisor of 94212 and 36?
36
What is the greatest common factor of 1424 and 704?
16
What is the highest common divisor of 2400 and 25?
25
What is the greatest common factor of 499719 and 1254?
627
Calculate the greatest common divisor of 3868 and 24.
4
What is the highest common factor of 256 and 128960?
64
Calculate the highest common factor of 12617 and 37037.
407
Calculate the greatest common divisor of 50468 and 93.
31
Calculate the highest common divisor of 28458 and 5301.
279
Calculate the greatest common divisor of 460 and 1130.
10
Calculate the highest common divisor of 1855559 and 549.
61
What is the greatest common divisor of 75490 and 50?
10
What is the highest common factor of 100128 and 483?
21
What is the greatest common factor of 96855 and 10?
5
Calculate the highest common factor of 7275 and 8475.
75
Calculate the greatest common divisor of 1352 and 353379.
169
What is the highest common divisor of 513 and 219645?
27
Calculate the greatest common factor of 6472233 and 79.
79
What is the greatest common factor of 202521 and 323?
323
Calculate the greatest common factor of 187867 and 2313.
257
Calculate the highest common factor of 403505 and 5.
5
What is the highest common factor of 910 and 3002090?
910
Calculate the highest common factor of 3707 and 22143.
11
What is the highest common factor of 23522 and 304?
38
Calculate the highest common factor of 24442 and 2541.
121
Calculate the highest common factor of 2448 and 34986.
102
Calculate the highest common divisor of 4859 and 226.
113
Calculate the highest common divisor of 2 and 4001.
1
What is the highest common factor of 3661 and 392773?
523
What is the highest common factor of 6223 and 448?
7
What is the greatest common factor of 488 and 118024?
8
Calculate the greatest common factor of 12025 and 56875.
325
Calculate the highest common divisor of 25012 and 5032.
148
What is the greatest common factor of 65947 and 1036?
7
Calculate the greatest common divisor of 6860 and 15260.
140
Calculate the greatest common factor of 432 and 1894944.
48
Calculate the highest common factor of 315284 and 46.
46
What is the highest common divisor of 48685 and 3185?
455
Calculate the highest common divisor of 63 and 67872.
21
What is the greatest common divisor of 2467917 and 9?
9
What is the highest common divisor of 457 and 3690275?
457
What is the highest common divisor of 8055 and 930?
15
What is the highest common factor of 14102491 and 47?
47
What is the highest common divisor of 75 and 227875?
25
What is the greatest common divisor of 8 and 48968?
8
Calculate the highest common factor of 3332 and 224.
28
Calculate the highest common divisor of 4 and 64028.
4
Calculate the highest common factor of 13504 and 448.
64
What is the greatest common divisor of 121452 and 216?
12
What is the greatest common divisor of 287 and 140?
7
What is the highest common factor of 37881 and 23?
23
Calculate the highest common factor of 1 and 101159.
1
Calcula